e 8*x - 6*x - 8 = g*c, 5*x - 29 = 2*c. What is the remainder when 33 is divided by x?
5
Let t be 2 + (-3)/(490/(-95) + 5). Suppose -2*w + 5*r = -t, -4*w = 3*r - 2*r - 75. Calculate the remainder when 46 is divided by w.
10
Suppose 5*j - 118 + 238 = 0. Calculate the remainder when 124 is divided by 27*6/j*-4.
16
Suppose 6*s - 16*s + 550 = 0. Let z(j) = -6*j - 136. Calculate the remainder when s is divided by z(-25).
13
Suppose -2*w - 2*w = -88. Let s be 153/18 - 4 - 2/(-4). Suppose 4*o - 455 = -5*n + 422, 859 = s*n - 2*o. What is the remainder when n is divided by w?
19
Suppose -3*l + 32 = 17. Suppose 5*n - 2*k - 3*k = 55, -l*n - 2*k = -41. Calculate the remainder when 33 is divided by n.
6
Let o be 10/3*(-6)/4. What is the remainder when 20*1*(-5)/o is divided by (-18)/4*((-32)/12 - 0)?
8
Let d = 4232 + -4205. What is the remainder when 160 is divided by d?
25
Let j = -1 - -19. Let f be (-1)/(-3)*(1 + 14). Suppose 5*i - 5*r + r - 275 = 0, 2*i - 127 = f*r. What is the remainder when i is divided by j?
15
Suppose -w - 80*b = -77*b - 19, -4*w - b = -120. Let i = 44 - w. What is the remainder when 24 is divided by i?
11
Suppose 5*o - 2*u = 970, 2*o - 3*u - 404 = u. Let h = o + -173. What is the remainder when 70 is divided by h?
13
Suppose 0 = -3*y + 3*x + 1713, -x + 1672 = 4*y - 602. Suppose 0*u - 3*u = -33. What is the remainder when y is divided by u?
8
Let q(r) = r**2 + 153*r + 106. Let m be q(0). Suppose -n - 115 = -6*n. Let t = m - n. What is the remainder when t is divided by 21?
20
Let f be ((-6)/(-14))/((-8)/(-56)). Suppose f = h - 29. What is the remainder when 134 is divided by 4 + h + (4 - 2 - 4)?
32
Let s = -14231 - -14459. Calculate the remainder when 858 is divided by s.
174
Suppose -32*b - 2737 = -30*b - 3*m, -2*b - 2747 = -m. Calculate the remainder when -3*(b/24)/2 is divided by 11.
9
Let t(r) = -6*r**2 + 37*r. Let s be t(6). Suppose -4*l = -s*l + 2. What is the remainder when (-364)/(-21) + l/(-3) is divided by 9?
8
Let l = 9695 + -9485. What is the remainder when 1887 is divided by l?
207
Let s(q) = 3*q**2 - 35*q + 6 - 19 - 5*q**2 - 2*q**3 + 64*q - 30*q. Calculate the remainder when s(-3) is divided by 9.
8
Let v = -1715 - -1765. What is the remainder when v is divided by 22?
6
Suppose 5*o + 40 = -5*f, 4*f = -o - o - 38. Let b be (-306)/f - 38/(-209). What is the remainder when (-2 + b/10)*50 is divided by 14?
12
Let g be 5 + (-7 - (-1 - 5)). Calculate the remainder when 229 is divided by 8 - 4 - ((-72 - g) + 3).
75
Calculate the remainder when 473 is divided by 157 + 54/(-78) + (-8)/26.
5
Let m be (-244 - 5)/(0 + 1). Let b = -194 - m. Calculate the remainder when b is divided by 21.
13
Suppose -8*h - 93*h + 1027 = 825. Calculate the remainder when (28 + -1)*1/3 is divided by h.
1
Let o = 200 + -356. Let i = o - -162. What is the remainder when i is divided by 1?
0
Suppose 0 = -163*g + 205*g - 20958. Calculate the remainder when g is divided by 39.
31
Let d(r) = -161*r + 4378. Calculate the remainder when 859 is divided by d(27).
22
Suppose 0 = -9*v - 29 + 20. What is the remainder when 82 is divided by ((-357)/(-84))/(v/(-4))?
14
Let i = 15177 - 15123. What is the remainder when 540 is divided by i?
0
Let d be (-9 + 0)*12*15/20. Let f = d - -232. Suppose -5*c - m + f = 50, -5*m - 95 = -5*c. Calculate the remainder when 78 is divided by c.
18
Let z = 9 + -7. Suppose 10 = z*x - v - 8, 0 = 3*x + 5*v - 27. Calculate the remainder when 18 is divided by x.
0
Let g = -210 - -216. Let f = 7 + -5. What is the remainder when f/(-8) + (-33)/(-4) is divided by g?
2
Suppose 54 = 2*j - 6. Suppose -3*r + 2*v + 40 = 0, v - 46 = -6*r + 2*r. Calculate the remainder when 4/(8/j*18/r) is divided by 6.
4
Suppose -98*k + 177*k = 92825. Calculate the remainder when k is divided by 240.
215
Suppose -8*r + 30 = -5*r. Suppose -13*g + 270 = -r*g. Calculate the remainder when 42 is divided by ((-2)/4)/(2 + g/(-44)).
9
Let w = -7 + 16. Let x be 62*(4 + w/6). Suppose 7*q = -4*q + x. What is the remainder when 152 is divided by q?
28
Suppose 17*c = 15*c - 12. Calculate the remainder when 59 is divided by (4 + c)/(10/(-125)).
9
Let n(k) = 2*k**2 + k - 4*k**2 + k**2 - k**2 - 26 + 3*k**2. What is the remainder when 285 is divided by n(-7)?
13
Let k(p) = 31*p + 5307. Calculate the remainder when 1909 is divided by k(-161).
13
Let g = 86 + -15. Suppose 4*x = g - 15. Calculate the remainder when x is divided by 4.
2
Let a(l) = -9*l - 51. Let w be a(-6). Suppose -5*x - 5*j + 125 = 0, w*x - 2*j + 15 = 100. What is the remainder when 38 is divided by x?
11
Suppose -53*m + 12*m + 3771 + 4921 = 0. Calculate the remainder when 225 is divided by m.
13
Suppose -3*p - 89 = -4*y, 53 = 3*y + 5*p - 10*p. What is the remainder when 518 is divided by y?
24
Let z = 1118 + -933. What is the remainder when 190 is divided by z?
5
What is the remainder when 3118 is divided by (-668)/(-10) - 279/155?
63
Let a(w) = -14*w - 1669. Let u = -7 + 51. Calculate the remainder when u is divided by a(-121).
19
Suppose a - 145 = -z, -153 = 69*a - 70*a + z. What is the remainder when a is divided by 74?
1
Let t(c) = -470*c - 122092. Let a(j) = 8*j - 5. What is the remainder when t(-260) is divided by a(6)?
22
Suppose -3*j = -j + 12. Let n be 4/6 - (-1 + 38/j). Let b(i) = 16*i - 31. What is the remainder when b(n) is divided by 25?
22
Let m(t) = 2*t**3 - 58*t**2 + 21*t + 381. Calculate the remainder when m(29) is divided by 84.
66
Let j(r) = -6*r**2 + 0*r - 20*r + 5*r**2 + 2*r - 24 + 4*r. Suppose 4*l - 2*t + 24 = 0, 5*t + 19 = -3*l - 12. Calculate the remainder when 44 is divided by j(l).
19
Suppose 0 = -2*o - 3*p + 33 + 134, 4*p - 176 = -2*o. What is the remainder when o is divided by 33?
4
Let f be (3 - 1) + 22/2. Suppose f - 1 = 4*t. Suppose -12*i + 78 = 11*i - 428. Calculate the remainder when i is divided by t.
1
Let y be 28/(-2) - (-2)/(-2). Let b = y + 131. What is the remainder when b is divided by 12/(-2) - (-4284)/765 - 788/(-20)?
38
Suppose 13*c - 20 = 6. Suppose c*z + f - 1178 = 0, -2*z = -30*f + 28*f - 1166. Calculate the remainder when z is divided by 19.
17
Suppose 31*q + 192 = 25*q. Calculate the remainder when (q/(-24))/((-1)/(-192)*2) is divided by 22.
18
Let a = 1863 + -1858. Suppose 5*u - 17 = -7. Suppose u*z + 74 = a*y, -4*y = y - 3*z - 71. What is the remainder when 77 is divided by y?
13
Let m = -112907 + 112909. What is the remainder when 7 - ((-6)/2 - -1) is divided by m?
1
Suppose -59*b + 54*b + 798 = -2*t, 3*t - 3 = 0. Let r(n) = -n**2 - 11*n - 6. Calculate the remainder when b is divided by r(-8).
16
Let s(u) = -6*u**3 + u**2 + 16*u + 46. Let q be s(-5). Suppose -32*d = -q - 1403. Calculate the remainder when d is divided by 7.
4
Let t be 2/6 + 413/21. Calculate the remainder when 3 + t - 3*12/9 is divided by 5.
4
Let q be 2 - (4 + -1*(1 - -3)). Let b(c) = 32*c - 3. Let w = -42 - -63. Calculate the remainder when b(q) is divided by w.
19
Suppose 14345 - 14141 = 17*k. What is the remainder when 3069 is divided by k?
9
Let t be -80*9/2*4/(-12). Suppose 0 = 17*j - 339 - t. Calculate the remainder when 73 is divided by j.
19
Suppose -63*r + 52*r + 2772 = 0. Calculate the remainder when r is divided by 23.
22
Let i = -21017 - -23870. What is the remainder when i is divided by 239?
224
Let x = 1167 - 1064. Calculate the remainder when 683 is divided by x.
65
Suppose 357 + 604 = 26*u - 235. Calculate the remainder when 542 is divided by u.
36
Let h(m) be the first derivative of -82*m**2 - 71*m - 217. Calculate the remainder when h(-1) is divided by 26.
15
Let t = -1 - -46. Suppose 3*b = t - 0. Suppose 52*c - m + 17 = 56*c, -4*c - 3*m = -3. Calculate the remainder when b is divided by c.
3
Let m(v) = 37*v - 2390. What is the remainder when 428 is divided by m(65)?
8
Suppose -6*c + 5*z + 437 = -252, 337 = 3*c - 4*z. Suppose 0 = 27*t - 1253 + c. What is the remainder when t is divided by 13?
3
Let w be 9/24 - 9045/(-72). Let n = -108 + 111. Suppose -2*h + n*o + 145 = -w, -5*o = 5*h - 690. What is the remainder when h is divided by 35?
32
Let g = -13242 + 14029. What is the remainder when g is divided by 277?
233
Suppose 4*n - 4*h - 2330 = -2*h, 4*h + 579 = n. Let c = -390 + n. Calculate the remainder when c is divided by 28.
25
Let s = 260 - -1776. Suppose v + 4*n = 657, -